80 a multiple of 476?
False
Does 30 divide 71610?
True
Does 8 divide 565851?
False
Does 315 divide 1055573?
False
Is 28 a factor of 392?
True
Is 14 a factor of 1536164?
True
Is 9 a factor of 5877648?
True
Does 983 divide 3217248?
False
Does 9 divide 1498584?
False
Is 48 a factor of 134783?
False
Is 144 a factor of 253672?
False
Is 234 a factor of 169650?
True
Is 28 a factor of 128800?
True
Is 434934 a multiple of 3?
True
Is 213722 a multiple of 178?
False
Is 21 a factor of 196979?
False
Is 661 a factor of 4874875?
True
Is 143 a factor of 129969?
False
Is 8340588 a multiple of 6?
True
Is 3 a factor of 290002?
False
Does 182 divide 785604?
False
Is 340 a factor of 557940?
True
Is 456358 a multiple of 14?
True
Is 790 a factor of 3453880?
True
Is 302176 a multiple of 71?
True
Is 1975119 a multiple of 62?
False
Does 446 divide 9091710?
True
Is 353 a factor of 1024476?
False
Is 49425 a multiple of 14?
False
Does 24 divide 35697?
False
Does 42 divide 12723396?
True
Is 98910 a multiple of 45?
True
Is 363257 a multiple of 12?
False
Is 656825 a multiple of 25?
True
Does 9 divide 23525?
False
Is 30 a factor of 384870?
True
Is 445 a factor of 444618?
False
Does 33 divide 994402?
False
Is 55910 a multiple of 55?
False
Is 29 a factor of 6150227?
False
Does 458 divide 1708220?
False
Is 89 a factor of 1250895?
True
Is 396888 a multiple of 138?
True
Is 1157619 a multiple of 50?
False
Is 8850976 a multiple of 21?
False
Is 1389817 a multiple of 909?
False
Is 410419 a multiple of 91?
False
Does 44 divide 2349?
False
Is 10 a factor of 1134281?
False
Does 176 divide 2721232?
False
Is 283 a factor of 6332091?
False
Does 118 divide 17935410?
True
Is 13087984 a multiple of 182?
True
Is 3711037 a multiple of 37?
False
Is 286 a factor of 116116?
True
Is 17 a factor of 433742?
False
Does 113 divide 3078274?
False
Does 6 divide 65111?
False
Does 15 divide 87420?
True
Does 11 divide 179410?
True
Is 333509 a multiple of 11?
True
Is 1493352 a multiple of 18?
True
Is 11380545 a multiple of 99?
True
Is 436179 a multiple of 36?
False
Is 373460 a multiple of 142?
True
Does 581 divide 4909493?
False
Is 2834266 a multiple of 20?
False
Does 164 divide 65617?
False
Does 49 divide 22197?
True
Is 25791 a multiple of 49?
False
Is 57 a factor of 171798?
True
Does 409 divide 891620?
True
Does 19 divide 144321?
False
Does 3 divide 603544?
False
Does 139 divide 196184?
False
Is 3656215 a multiple of 48?
False
Does 109 divide 514589?
True
Does 190 divide 156885?
False
Is 155 a factor of 101215?
True
Does 20 divide 208380?
True
Is 78678 a multiple of 279?
True
Is 573 a factor of 900183?
True
Is 456851 a multiple of 52?
False
Does 10 divide 34867?
False
Does 144 divide 1710861?
False
Is 2 a factor of 772010?
True
Is 1774 a multiple of 72?
False
Is 672 a factor of 374526?
False
Does 65 divide 56160?
True
Is 955334 a multiple of 65?
False
Is 526 a factor of 1397582?
True
Is 37 a factor of 318912?
False
Is 433 a factor of 295992?
False
Is 9906 a multiple of 24?
False
Is 6713422 a multiple of 1178?
True
Is 3 a factor of 75600?
True
Is 505 a factor of 173720?
True
Is 205407 a multiple of 9?
True
Is 32 a factor of 19072?
True
Is 2012862 a multiple of 33?
False
Is 635800 a multiple of 550?
True
Is 22512 a multiple of 67?
True
Is 2266550 a multiple of 130?
True
Is 605310 a multiple of 6?
True
Does 387 divide 834759?
True
Does 89 divide 2286588?
True
Is 10100 a multiple of 20?
True
Is 231 a factor of 15088315?
False
Is 2804255 a multiple of 303?
False
Is 122 a factor of 372755?
False
Is 268 a factor of 4593788?
True
Is 56 a factor of 3636360?
True
Does 28 divide 165228?
True
Is 300753 a multiple of 237?
True
Does 420 divide 352370?
False
Is 11 a factor of 1904011?
False
Is 2 a factor of 207057?
False
Is 6146888 a multiple of 253?
True
Does 9 divide 280581?
False
Does 55 divide 407220?
True
Is 637 a factor of 1149148?
True
Is 71322 a multiple of 213?
False
Is 579033 a multiple of 39?
True
Does 36 divide 128088?
True
Does 664 divide 223768?
True
Is 28 a factor of 36484?
True
Does 73 divide 1570340?
False
Is 7 a factor of 17947?
False
Is 7256785 a multiple of 30?
False
Does 1260 divide 9196740?
True
Does 121 divide 283820?
False
Is 3 a factor of 138127?
False
Is 5649 a multiple of 21?
True
Is 15 a factor of 796350?
True
Does 22 divide 12210289?
False
Is 7 a factor of 2074946?
False
Does 19 divide 4066887?
False
Is 460003 a multiple of 6?
False
Is 2500748 a multiple of 285?
False
Is 62941 a multiple of 35?
False
Is 466135 a multiple of 27?
False
Is 6463230 a multiple of 1102?
True
Is 17 a factor of 13168570?
False
Is 3 a factor of 8521?
False
Is 1140379 a multiple of 334?
False
Is 77 a factor of 6660043?
False
Is 86 a factor of 104850?
False
Is 22250960 a multiple of 68?
True
Does 25 divide 2886400?
True
Does 530 divide 191217?
False
Is 212 a factor of 163871?
False
Is 19340 a multiple of 10?
True
Is 13 a factor of 1985364?
False
Is 155802 a multiple of 46?
True
Is 100 a factor of 3130400?
True
Does 3 divide 353227?
False
Does 31 divide 1277824?
False
Does 60 divide 301794?
False
Does 65 divide 4365?
False
Does 2 divide 559277?
False
Is 234 a factor of 1375920?
True
Is 102491 a multiple of 127?
False
Is 193 a factor of 303187?
False
Is 6 a factor of 35615?
False
Is 14355 a multiple of 27?
False
Is 109044 a multiple of 52?
True
Is 64 a factor of 865671?
False
Is 82 a factor of 2745934?
True
Is 7 a factor of 25886?
True
Is 16 a factor of 553344?
True
Is 56731 a multiple of 30?
False
Does 362 divide 3142653?
False
Does 50 divide 1012150?
True
Does 365 divide 1167362?
False
Is 852 a factor of 3204372?
True
Does 22 divide 357060?
True
Does 40 divide 56000?
True
Does 15 divide 2140665?
True
Is 6653132 a multiple of 11?
False
Does 8 divide 16301?
False
Is 95 a factor of 2331568?
False
Does 250 divide 3098250?
True
Is 371 a factor of 634781?
True
Is 286218 even?
True
Does 117 divide 78380?
False
Does 87 divide 3649737?
True
Does 9 divide 108806?
False
Does 83 divide 64159?
True
Does 5 divide 613123?
False
Is 10191496 a multiple of 28?
True
Is 348 a factor of 271788?
True
Does 99 divide 1133958?
False
Is 33 a factor of 27179495?
False
Is 336581 a multiple of 5?
False
Is 669075 a multiple of 25?
True
Is 7281 a multiple of 3?
True
Does 32 divide 26976?
True
Is 69523 a multiple of 37?
True
Is 165 a factor of 1882980?
True
Does 729 divide 1854576?
True
Is 179 a factor of 103381?
False
Does 14 divide 6379065?
False
Does 1027 divide 1456286?
True
Does 12 divide 16560?
True
Is 9603119 a multiple of 40?
False
Does 404 divide 628220?
True
Is 5 a factor of 32733?
False
Does 1157 divide 2043262?
True
Does 242 divide 567627?
False
Is 268492 a multiple of 172?
True
Does 9 divide 702630?
True
Is 124968 a multiple of 127?
True
Is 3415960 a multiple of 23?
True
Is 629370 a multiple of 35?
True
Is 35 a factor of 11365552?
False
Is 50 a factor of 112150?
True
Does 34 divide 544677?
False
Is 35 a factor of 143877?
False
Is 585 a factor of 2449395?
True
Does 715 divide 113685?
True
Is 1658265 a multiple of 5?
True
Is 11 a factor of 2448280?
False
Is 169 a factor of 2569403?
False
Does 9 divide 158762?
False
Is 48 a factor of 792720?
True
Is 3 a factor of 962004?
True
Is 177636 a multiple of 393?
True
Is 306384 a multiple of 31?
False
Does 228 divide 4731368?
False
Does 284 divide 2159252?
True
Is 14100289 a multiple of 14?
False
Does 33 divide 116919?
True
Is 55 a factor of 27233193?
False
Does 88 divide 29173?
False
Is 21 a factor of 2929584?
True
Is 44 a factor of 787248?
True
Is 572832 a multiple of 442?
True
Is 7771639 a multiple of 296?
False
Is 7331 a multiple of 2?
False
Is 3805335 a multiple of 821?
True
Does 13 divide 110977?
False
Is 184080 a multiple of 48?
True
Is 231 a factor of 138983?
False
Is 236932 a multiple of 21?
False
Is 1221710 a multiple of 70?
True
Does 125 divide 104152?
False
Does 71 divide 17304?
False
Is 2294838 a multiple of 157?
False
Is 7053899 a multiple of 444?
False
Is 595814 a multiple of 828?
False
Is 16 a factor of 85103?
False
Does 7 divide 101133?
False
Is 29 a factor of 60088?
True
Does 16 divide 160?
True
Is 298328 a multiple of 4?
True
Is 559482 a multiple of 77?
True
Is 509232 a multiple of 206?
True
Is 23 a factor of 4891777?
False
Is 131 a factor of 30785?
True
Is 30 a factor of 15962